{"id":96,"date":"2025-07-21T12:43:02","date_gmt":"2025-07-21T12:43:02","guid":{"rendered":"https:\/\/www.mbesmakina.com\/?page_id=96"},"modified":"2025-08-01T22:28:39","modified_gmt":"2025-08-01T22:28:39","slug":"iletisim","status":"publish","type":"page","link":"https:\/\/www.mbesmakina.com\/index.php\/iletisim\/","title":{"rendered":"\u0130leti\u015fim"},"content":{"rendered":"\t\t<div data-elementor-type=\"wp-page\" data-elementor-id=\"96\" class=\"elementor elementor-96\">\n\t\t\t\t<div class=\"elementor-element elementor-element-3567864 e-flex e-con-boxed e-con e-parent\" data-id=\"3567864\" data-element_type=\"container\" data-e-type=\"container\">\n\t\t\t\t\t<div class=\"e-con-inner\">\n\t\t\t\t<div class=\"elementor-element elementor-element-8ebbff5 elementor-widget elementor-widget-google_maps\" data-id=\"8ebbff5\" data-element_type=\"widget\" data-e-type=\"widget\" data-widget_type=\"google_maps.default\">\n\t\t\t\t\t\t\t<div class=\"elementor-custom-embed\">\n\t\t\t<iframe loading=\"lazy\"\n\t\t\t\t\tsrc=\"https:\/\/maps.google.com\/maps?q=Mbes%20Makina&#038;t=m&#038;z=10&#038;output=embed&#038;iwloc=near\"\n\t\t\t\t\ttitle=\"Mbes Makina\"\n\t\t\t\t\taria-label=\"Mbes Makina\"\n\t\t\t><\/iframe>\n\t\t<\/div>\n\t\t\t\t\t\t<\/div>\n\t\t\t\t\t<\/div>\n\t\t\t\t<\/div>\n\t\t<div class=\"elementor-element elementor-element-2b0ed49 e-flex e-con-boxed e-con e-parent\" data-id=\"2b0ed49\" data-element_type=\"container\" data-e-type=\"container\">\n\t\t\t\t\t<div class=\"e-con-inner\">\n\t\t\t\t<div class=\"elementor-element elementor-element-195ef7b elementor-align-center elementor-widget elementor-widget-button\" data-id=\"195ef7b\" data-element_type=\"widget\" data-e-type=\"widget\" data-widget_type=\"button.default\">\n\t\t\t\t\t\t\t\t\t\t<a class=\"elementor-button elementor-button-link elementor-size-sm\" href=\"tel:+905324338387\">\n\t\t\t\t\t\t<span class=\"elementor-button-content-wrapper\">\n\t\t\t\t\t\t<span class=\"elementor-button-icon\">\n\t\t\t\t<svg aria-hidden=\"true\" class=\"e-font-icon-svg e-fas-phone-alt\" viewBox=\"0 0 512 512\" xmlns=\"http:\/\/www.w3.org\/2000\/svg\"><path d=\"M497.39 361.8l-112-48a24 24 0 0 0-28 6.9l-49.6 60.6A370.66 370.66 0 0 1 130.6 204.11l60.6-49.6a23.94 23.94 0 0 0 6.9-28l-48-112A24.16 24.16 0 0 0 122.6.61l-104 24A24 24 0 0 0 0 48c0 256.5 207.9 464 464 464a24 24 0 0 0 23.4-18.6l24-104a24.29 24.29 0 0 0-14.01-27.6z\"><\/path><\/svg>\t\t\t<\/span>\n\t\t\t\t\t\t\t\t\t<span class=\"elementor-button-text\">Hemen Ara<\/span>\n\t\t\t\t\t<\/span>\n\t\t\t\t\t<\/a>\n\t\t\t\t\t\t\t\t<\/div>\n\t\t\t\t<div class=\"elementor-element elementor-element-477a028 elementor-widget elementor-widget-text-editor\" data-id=\"477a028\" data-element_type=\"widget\" data-e-type=\"widget\" data-widget_type=\"text-editor.default\">\n\t\t\t\t\t\t\t\t\t<p>Hastane Mh. Koruluk Sk. No:7\/B Had\u0131mk\u00f6y &#8211; Arnavutk\u00f6y\/\u0130ST.<\/p><p>\u00a0<\/p><p>Selami Seld\u00fcz<\/p><p><a href=\"tel:+905324338387\">0532 433 83 87<\/a><\/p><p>\u00a0<\/p><p>Emirhan Seld\u00fcz<\/p><p><a href=\"tel:+905324338387\">0532 419 64 25<\/a><\/p><p>\u00a0<\/p><p>E-mail<\/p><p><a href=\"mailto:mbesmakina@gmail.com\">mbesmakina@gmail.com<\/a><\/p>\t\t\t\t\t\t\t\t<\/div>\n\t\t\t\t\t<\/div>\n\t\t\t\t<\/div>\n\t\t\t\t<\/div>\n\t\t","protected":false},"excerpt":{"rendered":"<p>Hemen Ara Hastane Mh. Koruluk Sk. No:7\/B Had\u0131mk\u00f6y &#8211; Arnavutk\u00f6y\/\u0130ST. \u00a0 Selami Seld\u00fcz 0532 433 83 87 \u00a0 Emirhan Seld\u00fcz 0532 419 64 25 \u00a0 E-mail mbesmakina@gmail.com<\/p>\n","protected":false},"author":1,"featured_media":0,"parent":0,"menu_order":0,"comment_status":"closed","ping_status":"closed","template":"","meta":{"footnotes":""},"class_list":["post-96","page","type-page","status-publish","hentry"],"yoast_head":"<!-- This site is optimized with the Yoast SEO plugin v27.4 - https:\/\/yoast.com\/product\/yoast-seo-wordpress\/ -->\n<title>\u0130leti\u015fim - Mbes Makina<\/title>\n<meta name=\"robots\" content=\"index, follow, max-snippet:-1, max-image-preview:large, max-video-preview:-1\" \/>\n<link rel=\"canonical\" href=\"https:\/\/www.mbesmakina.com\/index.php\/iletisim\/\" \/>\n<meta property=\"og:locale\" content=\"tr_TR\" \/>\n<meta property=\"og:type\" content=\"article\" \/>\n<meta property=\"og:title\" content=\"\u0130leti\u015fim - Mbes Makina\" \/>\n<meta property=\"og:description\" content=\"Hemen Ara Hastane Mh. Koruluk Sk. No:7\/B Had\u0131mk\u00f6y &#8211; Arnavutk\u00f6y\/\u0130ST. \u00a0 Selami Seld\u00fcz 0532 433 83 87 \u00a0 Emirhan Seld\u00fcz 0532 419 64 25 \u00a0 E-mail mbesmakina@gmail.com\" \/>\n<meta property=\"og:url\" content=\"https:\/\/www.mbesmakina.com\/index.php\/iletisim\/\" \/>\n<meta property=\"og:site_name\" content=\"Mbes Makina\" \/>\n<meta property=\"article:publisher\" content=\"https:\/\/www.facebook.com\/mbesmakina\" \/>\n<meta property=\"article:modified_time\" content=\"2025-08-01T22:28:39+00:00\" \/>\n<meta name=\"twitter:card\" content=\"summary_large_image\" \/>\n<meta name=\"twitter:label1\" content=\"Tahmini okuma s\u00fcresi\" \/>\n\t<meta name=\"twitter:data1\" content=\"1 dakika\" \/>\n<script type=\"application\/ld+json\" class=\"yoast-schema-graph\">{\"@context\":\"https:\\\/\\\/schema.org\",\"@graph\":[{\"@type\":\"WebPage\",\"@id\":\"https:\\\/\\\/www.mbesmakina.com\\\/index.php\\\/iletisim\\\/\",\"url\":\"https:\\\/\\\/www.mbesmakina.com\\\/index.php\\\/iletisim\\\/\",\"name\":\"\u0130leti\u015fim - Mbes Makina\",\"isPartOf\":{\"@id\":\"http:\\\/\\\/www.mbesmakina.com\\\/#website\"},\"datePublished\":\"2025-07-21T12:43:02+00:00\",\"dateModified\":\"2025-08-01T22:28:39+00:00\",\"breadcrumb\":{\"@id\":\"https:\\\/\\\/www.mbesmakina.com\\\/index.php\\\/iletisim\\\/#breadcrumb\"},\"inLanguage\":\"tr\",\"potentialAction\":[{\"@type\":\"ReadAction\",\"target\":[\"https:\\\/\\\/www.mbesmakina.com\\\/index.php\\\/iletisim\\\/\"]}]},{\"@type\":\"BreadcrumbList\",\"@id\":\"https:\\\/\\\/www.mbesmakina.com\\\/index.php\\\/iletisim\\\/#breadcrumb\",\"itemListElement\":[{\"@type\":\"ListItem\",\"position\":1,\"name\":\"Anasayfa\",\"item\":\"http:\\\/\\\/www.mbesmakina.com\\\/\"},{\"@type\":\"ListItem\",\"position\":2,\"name\":\"\u0130leti\u015fim\"}]},{\"@type\":\"WebSite\",\"@id\":\"http:\\\/\\\/www.mbesmakina.com\\\/#website\",\"url\":\"http:\\\/\\\/www.mbesmakina.com\\\/\",\"name\":\"Mbes Makina\",\"description\":\"Revizyon Ad\u0131na Her\u015fey\",\"publisher\":{\"@id\":\"http:\\\/\\\/www.mbesmakina.com\\\/#organization\"},\"potentialAction\":[{\"@type\":\"SearchAction\",\"target\":{\"@type\":\"EntryPoint\",\"urlTemplate\":\"http:\\\/\\\/www.mbesmakina.com\\\/?s={search_term_string}\"},\"query-input\":{\"@type\":\"PropertyValueSpecification\",\"valueRequired\":true,\"valueName\":\"search_term_string\"}}],\"inLanguage\":\"tr\"},{\"@type\":\"Organization\",\"@id\":\"http:\\\/\\\/www.mbesmakina.com\\\/#organization\",\"name\":\"Mbes Makina M\u00fchendislik San. ve Tic. Ltd. \u015eti.\",\"url\":\"http:\\\/\\\/www.mbesmakina.com\\\/\",\"logo\":{\"@type\":\"ImageObject\",\"inLanguage\":\"tr\",\"@id\":\"http:\\\/\\\/www.mbesmakina.com\\\/#\\\/schema\\\/logo\\\/image\\\/\",\"url\":\"https:\\\/\\\/www.mbesmakina.com\\\/wp-content\\\/uploads\\\/2025\\\/07\\\/cropped-mbes-logo-02.png\",\"contentUrl\":\"https:\\\/\\\/www.mbesmakina.com\\\/wp-content\\\/uploads\\\/2025\\\/07\\\/cropped-mbes-logo-02.png\",\"width\":2360,\"height\":943,\"caption\":\"Mbes Makina M\u00fchendislik San. ve Tic. Ltd. \u015eti.\"},\"image\":{\"@id\":\"http:\\\/\\\/www.mbesmakina.com\\\/#\\\/schema\\\/logo\\\/image\\\/\"},\"sameAs\":[\"https:\\\/\\\/www.facebook.com\\\/mbesmakina\",\"https:\\\/\\\/www.instagram.com\\\/mbesmakina\"]}]}<\/script>\n<!-- \/ Yoast SEO plugin. -->","yoast_head_json":{"title":"\u0130leti\u015fim - Mbes Makina","robots":{"index":"index","follow":"follow","max-snippet":"max-snippet:-1","max-image-preview":"max-image-preview:large","max-video-preview":"max-video-preview:-1"},"canonical":"https:\/\/www.mbesmakina.com\/index.php\/iletisim\/","og_locale":"tr_TR","og_type":"article","og_title":"\u0130leti\u015fim - Mbes Makina","og_description":"Hemen Ara Hastane Mh. Koruluk Sk. No:7\/B Had\u0131mk\u00f6y &#8211; Arnavutk\u00f6y\/\u0130ST. \u00a0 Selami Seld\u00fcz 0532 433 83 87 \u00a0 Emirhan Seld\u00fcz 0532 419 64 25 \u00a0 E-mail mbesmakina@gmail.com","og_url":"https:\/\/www.mbesmakina.com\/index.php\/iletisim\/","og_site_name":"Mbes Makina","article_publisher":"https:\/\/www.facebook.com\/mbesmakina","article_modified_time":"2025-08-01T22:28:39+00:00","twitter_card":"summary_large_image","twitter_misc":{"Tahmini okuma s\u00fcresi":"1 dakika"},"schema":{"@context":"https:\/\/schema.org","@graph":[{"@type":"WebPage","@id":"https:\/\/www.mbesmakina.com\/index.php\/iletisim\/","url":"https:\/\/www.mbesmakina.com\/index.php\/iletisim\/","name":"\u0130leti\u015fim - Mbes Makina","isPartOf":{"@id":"http:\/\/www.mbesmakina.com\/#website"},"datePublished":"2025-07-21T12:43:02+00:00","dateModified":"2025-08-01T22:28:39+00:00","breadcrumb":{"@id":"https:\/\/www.mbesmakina.com\/index.php\/iletisim\/#breadcrumb"},"inLanguage":"tr","potentialAction":[{"@type":"ReadAction","target":["https:\/\/www.mbesmakina.com\/index.php\/iletisim\/"]}]},{"@type":"BreadcrumbList","@id":"https:\/\/www.mbesmakina.com\/index.php\/iletisim\/#breadcrumb","itemListElement":[{"@type":"ListItem","position":1,"name":"Anasayfa","item":"http:\/\/www.mbesmakina.com\/"},{"@type":"ListItem","position":2,"name":"\u0130leti\u015fim"}]},{"@type":"WebSite","@id":"http:\/\/www.mbesmakina.com\/#website","url":"http:\/\/www.mbesmakina.com\/","name":"Mbes Makina","description":"Revizyon Ad\u0131na Her\u015fey","publisher":{"@id":"http:\/\/www.mbesmakina.com\/#organization"},"potentialAction":[{"@type":"SearchAction","target":{"@type":"EntryPoint","urlTemplate":"http:\/\/www.mbesmakina.com\/?s={search_term_string}"},"query-input":{"@type":"PropertyValueSpecification","valueRequired":true,"valueName":"search_term_string"}}],"inLanguage":"tr"},{"@type":"Organization","@id":"http:\/\/www.mbesmakina.com\/#organization","name":"Mbes Makina M\u00fchendislik San. ve Tic. Ltd. \u015eti.","url":"http:\/\/www.mbesmakina.com\/","logo":{"@type":"ImageObject","inLanguage":"tr","@id":"http:\/\/www.mbesmakina.com\/#\/schema\/logo\/image\/","url":"https:\/\/www.mbesmakina.com\/wp-content\/uploads\/2025\/07\/cropped-mbes-logo-02.png","contentUrl":"https:\/\/www.mbesmakina.com\/wp-content\/uploads\/2025\/07\/cropped-mbes-logo-02.png","width":2360,"height":943,"caption":"Mbes Makina M\u00fchendislik San. ve Tic. Ltd. \u015eti."},"image":{"@id":"http:\/\/www.mbesmakina.com\/#\/schema\/logo\/image\/"},"sameAs":["https:\/\/www.facebook.com\/mbesmakina","https:\/\/www.instagram.com\/mbesmakina"]}]}},"_links":{"self":[{"href":"https:\/\/www.mbesmakina.com\/index.php\/wp-json\/wp\/v2\/pages\/96","targetHints":{"allow":["GET"]}}],"collection":[{"href":"https:\/\/www.mbesmakina.com\/index.php\/wp-json\/wp\/v2\/pages"}],"about":[{"href":"https:\/\/www.mbesmakina.com\/index.php\/wp-json\/wp\/v2\/types\/page"}],"author":[{"embeddable":true,"href":"https:\/\/www.mbesmakina.com\/index.php\/wp-json\/wp\/v2\/users\/1"}],"replies":[{"embeddable":true,"href":"https:\/\/www.mbesmakina.com\/index.php\/wp-json\/wp\/v2\/comments?post=96"}],"version-history":[{"count":17,"href":"https:\/\/www.mbesmakina.com\/index.php\/wp-json\/wp\/v2\/pages\/96\/revisions"}],"predecessor-version":[{"id":211,"href":"https:\/\/www.mbesmakina.com\/index.php\/wp-json\/wp\/v2\/pages\/96\/revisions\/211"}],"wp:attachment":[{"href":"https:\/\/www.mbesmakina.com\/index.php\/wp-json\/wp\/v2\/media?parent=96"}],"curies":[{"name":"wp","href":"https:\/\/api.w.org\/{rel}","templated":true}]}}